8394 is divided by 415?
409
What is the remainder when 24197 is divided by 4746?
467
Calculate the remainder when 20696466 is divided by 37.
35
Calculate the remainder when 1760938 is divided by 495.
223
What is the remainder when 46323504 is divided by 380?
364
Calculate the remainder when 522595 is divided by 2789.
1052
Calculate the remainder when 609373225 is divided by 22.
21
What is the remainder when 538348857 is divided by 255?
252
Calculate the remainder when 67103898 is divided by 32.
26
Calculate the remainder when 277596 is divided by 842.
578
Calculate the remainder when 2579071 is divided by 882.
103
Calculate the remainder when 13172189 is divided by 368.
365
Calculate the remainder when 1272864 is divided by 164.
60
What is the remainder when 2579708 is divided by 22432?
28
Calculate the remainder when 28213552 is divided by 902.
796
Calculate the remainder when 177203 is divided by 315.
173
What is the remainder when 145834849 is divided by 2471777?
6
What is the remainder when 1804374 is divided by 580?
574
Calculate the remainder when 7403047 is divided by 122.
87
Calculate the remainder when 1375924 is divided by 25479.
58
Calculate the remainder when 14704 is divided by 7254.
196
What is the remainder when 6813 is divided by 310?
303
What is the remainder when 15378132 is divided by 77277?
9
What is the remainder when 15246 is divided by 483?
273
Calculate the remainder when 45684 is divided by 22840.
4
Calculate the remainder when 759184 is divided by 84345.
79
What is the remainder when 24217176 is divided by 13958?
46
What is the remainder when 384482 is divided by 1191?
980
Calculate the remainder when 41278043 is divided by 236.
227
Calculate the remainder when 65968975 is divided by 11004.
10999
Calculate the remainder when 422539 is divided by 70.
19
What is the remainder when 1186488 is divided by 14830?
88
Calculate the remainder when 9086434 is divided by 22001.
21
What is the remainder when 4099658 is divided by 136655?
8
Calculate the remainder when 61729030 is divided by 126.
118
Calculate the remainder when 47584 is divided by 15860.
4
What is the remainder when 1317265 is divided by 9342?
43
What is the remainder when 2889942 is divided by 39588?
18
What is the remainder when 424175 is divided by 2164?
31
What is the remainder when 1379322 is divided by 33?
21
Calculate the remainder when 4359604 is divided by 3831.
3757
Calculate the remainder when 2182116 is divided by 1870.
1696
Calculate the remainder when 14643748 is divided by 4881226.
70
What is the remainder when 276076 is divided by 27607?
6
Calculate the remainder when 441263677 is divided by 416.
413
What is the remainder when 46367611 is divided by 309?
307
What is the remainder when 33943 is divided by 451?
118
Calculate the remainder when 1568989 is divided by 124.
17
What is the remainder when 11570019 is divided by 26?
19
What is the remainder when 94111 is divided by 11751?
103
What is the remainder when 660017 is divided by 7855?
197
What is the remainder when 83103 is divided by 2810?
1613
What is the remainder when 970194 is divided by 84?
78
Calculate the remainder when 292003 is divided by 632.
19
What is the remainder when 52523 is divided by 76?
7
What is the remainder when 256696 is divided by 85536?
88
Calculate the remainder when 6434803 is divided by 214490.
103
What is the remainder when 5948614 is divided by 599?
544
What is the remainder when 546697 is divided by 42009?
580
What is the remainder when 2238932 is divided by 561?
542
Calculate the remainder when 1378041 is divided by 133.
28
What is the remainder when 27606036 is divided by 1314573?
3
Calculate the remainder when 96186303 is divided by 1217548.
11
Calculate the remainder when 43248901 is divided by 1108946.
7
Calculate the remainder when 44588401 is divided by 11147090.
41
Calculate the remainder when 7698455 is divided by 115.
10
Calculate the remainder when 62534355 is divided by 314.
313
Calculate the remainder when 2724335 is divided by 132.
119
What is the remainder when 95205558 is divided by 10461?
10458
Calculate the remainder when 1563722 is divided by 223287.
713
What is the remainder when 3896686 is divided by 300?
286
What is the remainder when 11386019 is divided by 264791?
6
What is the remainder when 3951416 is divided by 116?
108
Calculate the remainder when 45805724 is divided by 11451429.
8
What is the remainder when 29861565 is divided by 1727?
8
Calculate the remainder when 769107 is divided by 670.
617
What is the remainder when 162148 is divided by 80985?
178
Calculate the remainder when 1138823 is divided by 226.
9
What is the remainder when 3461332 is divided by 119356?
8
Calculate the remainder when 134146543 is divided by 28.
27
Calculate the remainder when 23946664 is divided by 41502.
10
What is the remainder when 2816815 is divided by 7374?
7321
Calculate the remainder when 17512017 is divided by 972888.
33
Calculate the remainder when 41038934 is divided by 368.
310
What is the remainder when 7476 is divided by 404?
204
What is the remainder when 2426739 is divided by 184?
147
What is the remainder when 594183 is divided by 5881?
202
What is the remainder when 5536785 is divided by 665?
660
Calculate the remainder when 855803 is divided by 642.
17
Calculate the remainder when 677961 is divided by 2965.
1941
Calculate the remainder when 2881 is divided by 287.
11
What is the remainder when 18295786 is divided by 914789?
6
Calculate the remainder when 1227568 is divided by 448.
48
What is the remainder when 1206062 is divided by 172288?
46
Calculate the remainder when 14472581 is divided by 53208.
5
Calculate the remainder when 50231999 is divided by 25.
24
What is the remainder when 2024814 is divided by 2024799?
15
Calculate the remainder when 4825903 is divided by 105.
103
Calculate the remainder when 6348014 is divided by 46.
14
Calculate the remainder when 22903 is divided by 47.
14
What is the remainder when 497193 is divided by 5860?
4953
Calculate the remainder when 27103210 is divided by 628.
614
Calculate the remainder when 13414241 is divided by 34.
17
What is the remainder when 4482918 is divided by 560286?
630
What is the remainder when 192202 is divided by 37714?
3632
What is the remainder when 375094 is divided by 384?
310
What is the remainder when 10225 is divided by 2015?
150
Calculate the remainder when 276697321 is divided by 2657.
2655
What is the remainder when 9082273 is divided by 3027397?
82
Calculate the remainder when 812896 is divided by 44.
40
Calculate the remainder when 135456 is divided by 67694.
68
What is the remainder when 24161713 is divided by 3451665?
58
What is the remainder when 3539646 is divided by 589941?
0
What is the remainder when 10725591 is divided by 617?
280
What is the remainder when 90900 is divided by 21789?
3744
What is the remainder when 186234464 is divided by 147?
17
What is the remainder when 585456 is divided by 21240?
11976
What is the remainder when 1213744 is divided by 66?
4
Calculate the remainder when 1039408 is divided by 10394.
8
Calculate the remainder when 59396584 is divided by 582.
574
Calculate the remainder when 343032 is divided by 4254.
2712
What is the remainder when 3095895 is divided by 619176?
15
What is the remainder when 230853 is divided by 1357?
163
What is the remainder when 11855747 is divided by 129?
2
Calculate the remainder when 3024169 is divided by 1512046.
77
Calculate the remainder when 28498434 is divided by 55661.
2
What is the remainder when 1601146 is divided by 1285?
36
What is the remainder when 76012 is divided by 10802?
398
What is the remainder when 77522 is divided by 38684?
154
What is the remainder when 160366266 is divided by 40091565?
6
What is the remainder when 333233 is divided by 333035?
198
Calculate the remainder when 83988236 is divided by 12.
8
What is the remainder when 533139391 is divided by 50?
41
What is the remainder when 329104351 is divided by 118?
109
What is the remainder when 1617409 is divided by 12253?
13
Calculate the remainder when 56318 is divided by 3718.
548
What is the remainder when 20776489 is divided by 270?
259
What is the remainder when 656103 is divided by 1289?
2
What is the remainder when 1158